s the greatest common divisor of q and i?
3
Let y be (-1)/(12/(-4184)) - (-4)/(-6). Suppose -39*h = -576 - 555. What is the greatest common factor of y and h?
29
Let v(n) = n**2 - n - 8. Let m be v(0). Let l = m + 13. Let y be (7 - 19)/(2 - (-110)/(-50)). Calculate the highest common divisor of y and l.
5
Let h = -3135 - -3142. Calculate the greatest common divisor of h and 128.
1
Let w = -2205 + 2295. What is the highest common divisor of w and 4410?
90
Suppose -b - 2*s = -0*s + 6, 5*b + 3*s = -9. Suppose b = 5*y + 21 - 571. Let o be (-5)/(1/2 + -1). What is the highest common factor of y and o?
10
Let a = -74 + 184. Let g(n) = -187*n + 1705. Let i be g(9). What is the greatest common divisor of a and i?
22
Let v = -11 + 13. Suppose -37 = -4*j - 5*a, 0 = -2*j + 3*j + 4*a - 12. Suppose 2*i + v*i = j. Calculate the greatest common divisor of i and 16.
2
Let f = 252 + -224. Suppose -25 + 109 = 4*j. What is the highest common divisor of f and j?
7
Let w = 68 - 46. Suppose 0 = 14*u - 11*u - 6. Suppose 4*v = u*v + w. Calculate the greatest common factor of v and 88.
11
Let r be (-104)/(-6) - (-3)/(-9). Suppose 3*a - 120 = a. Suppose -a - 178 = -2*f. Calculate the greatest common divisor of r and f.
17
Suppose -15845 - 18880 + 7289 = -38*t. What is the highest common factor of t and 266?
38
Let f = -251 - -272. Suppose 9*k - f*k + 144 = 0. Calculate the greatest common divisor of k and 3.
3
Let t be 223 + (-8)/108 + 1060/(-270). What is the highest common divisor of t and 183?
3
Let u(p) = -768*p**3 - 4*p**2 - 7*p - 13. Let c be u(-2). Calculate the greatest common divisor of c and 27.
27
Let w(a) = -96*a + 2. Let m be w(-3). Suppose -488 = 13*h - 1266 + 648. What is the highest common divisor of m and h?
10
Suppose 1078 = 12*q - q. Let b be (-128)/(-9) + ((-22)/(-9))/(-11). Calculate the greatest common factor of b and q.
14
Suppose 5*g - 10 = 3*g. Let y be 13 + (-4)/g + (-1)/5. Let a be (4*15/24)/(2/y). Calculate the highest common divisor of 5 and a.
5
Suppose -112 - 27 = -2*n + 5*b, 0 = 2*b + 14. Let t be -2 + 3*5 + 0. Calculate the greatest common divisor of n and t.
13
Suppose 76*k - 600 = -144. Suppose -3*j + 98 = -55. What is the highest common divisor of j and k?
3
Let i(l) = 2*l. Let o(v) = -6*v + 115. Let n(d) = -6*i(d) - o(d). Let t be n(-23). What is the highest common factor of 161 and t?
23
Suppose 24*y - 676 = 24653 + 2055. What is the highest common factor of y and 7?
7
Suppose -2*q + 5*c - 720 + 698 = 0, 0 = 3*q - c - 6. What is the greatest common factor of 5484 and q?
4
Suppose 0 = -4*s - 0*j - 2*j + 54, 25 = -5*j. Let y = s - 10. Let x be (y/(-4))/((-9)/198). What is the highest common factor of x and 3?
3
Suppose 3*v - 7 = 2. Suppose -3*w + 39 + 35 = -a, v*w - 49 = -4*a. What is the highest common factor of w and 23?
23
Let v be (60/21)/((-1)/(-14)). Suppose -5*y = 0, v = 3*o + 2*o - 5*y. Let t = 96 - 32. What is the highest common factor of t and o?
8
Suppose -9*o - 3712 + 17600 + 7856 = 0. Calculate the highest common factor of o and 453.
151
Let d(n) = n**3 - 7*n**2 + n + 4. Suppose 30 = 4*r + w - 3, w - 25 = -3*r. Let m be d(r). Calculate the greatest common factor of m and 38.
38
Let c(y) = 15*y + 30. Let k(f) = -32*f - 58. Let r(n) = 5*c(n) + 3*k(n). Let h be r(-3). What is the highest common factor of h and 39?
39
Suppose 17043*d - 17036*d - 6552 = 0. What is the highest common factor of 360 and d?
72
Suppose -2*v + 6*t + 14 = 0, -108 + 16 = -4*v - 4*t. Calculate the greatest common factor of v and 6289.
19
Let t be 1*(-2)/((-10)/(-35)). Let k = 58 - t. Suppose 62*m = k*m - 3. What is the greatest common factor of m and 1?
1
Suppose -32*z - 12577 = 10943. Let m = 813 + z. Let y(h) = h**2 + 5*h + 6. Let j be y(-5). What is the greatest common divisor of m and j?
6
Suppose -3*d + 8055 + 1556 = 5*w, 3*d + 2*w - 9590 = 0. Calculate the highest common factor of 105 and d.
21
Suppose -8259 = 5*t - 8*t + g, 3*t - 17*g = 8115. Calculate the highest common factor of t and 3816.
212
Let j = 583 - 66. Suppose -153 = -4*o + 7*c + 49, -3*o = 4*c - 133. What is the greatest common factor of o and j?
47
Let n(h) = 489*h**2 + 2*h - 9. Let f be n(-3). Calculate the greatest common divisor of 918 and f.
102
Suppose 10*h - 14 = -24. Let a be ((-840)/75)/(h/30). What is the highest common factor of a and 48?
48
Suppose -8*t = -30076 + 4916. Suppose -1064 + t = 2*y - s, -3*y + s + 3121 = 0. Suppose 5*l - 10*l = -y. What is the highest common factor of 13 and l?
13
Suppose -2*n + 6 = 0, -o + 16 = 3*n + 2*n. Let h be o/(0 + (-2)/(-20)). Let b = h - -14. Calculate the highest common factor of b and 6.
6
Let y be 14/35 + 11 + 2034/15. Calculate the highest common factor of y and 6321.
147
Let t be (2/(-8))/(78/(-416)*1/6). Suppose -3*x - 35 - 13 = 0. Let m = x + 168. Calculate the highest common divisor of t and m.
8
Suppose 98*r - 93*r = -35, 0 = q + 5*r - 15405. What is the highest common factor of q and 240?
80
Let c(q) = -10*q**2 - 52*q - 2. Let i be c(-4). Calculate the highest common divisor of i and 46.
46
Let d be 117 - -2*1*1. Let a be 1 + 4 - (-29 + 2). Suppose 5*q - 53 = a. What is the highest common factor of d and q?
17
Let h be (-844)/1055*(-805)/2. Calculate the greatest common divisor of 230 and h.
46
Let g(d) = 2*d - 24. Let o be g(18). Suppose o*f - 8*f = 1544. Suppose -4*q + 1634 - f = 0. What is the highest common divisor of q and 39?
39
Let g be 2847/6 - 3/(-18)*-3. Suppose p - g = 1145. Suppose p - 653 = 6*v. What is the highest common factor of 23 and v?
23
Let u = 10252 + -10250. What is the highest common divisor of 74 and u?
2
Suppose -194 = 3*w - 4*w. Suppose -86*s = -77*s - 27. Suppose s*j = 46 + w. What is the greatest common factor of j and 10?
10
Suppose 0 = -131*r + 73*r + 34800. What is the highest common factor of r and 525?
75
Suppose -5*t + 998 = -5*s - 792, -5*t + 1766 = -s. Calculate the highest common divisor of t and 286.
22
Let w = 9509 - 8851. What is the highest common factor of 28 and w?
14
Let w(n) = 4*n**2 - 28*n + 26. Let o be (4 - 8)/(8/(-12)). Let b be w(o). What is the highest common factor of 3 and b?
1
Let g = -32 - -46. Suppose 2*b + 119 = 125. Suppose -j = -q - 10 - 4, 0 = b*q. Calculate the highest common factor of g and j.
14
Suppose -761 = -3*s - 236. Suppose -875 = 102*l - 227*l. Calculate the greatest common divisor of l and s.
7
Let u(m) = 574*m + 4992. Let t be u(-8). Calculate the highest common divisor of 8 and t.
8
Let i be 267150/375 - 4/10. What is the greatest common factor of i and 1157?
89
Let t(f) be the second derivative of f**5/20 + 13*f**4/12 - 7*f**3/2 - 19*f**2 - 12*f + 6. Let o be t(-14). Calculate the highest common factor of 160 and o.
20
Let j be (104/(-10))/((-18)/(-2025)*-5). Let a = 1147 - 1082. Calculate the highest common divisor of a and j.
13
Let i = 10105 + -3672. Calculate the greatest common divisor of 7 and i.
7
Suppose 0 = -9*h - 27*h + 909 + 3699. Calculate the greatest common factor of h and 3056.
16
Let i(s) = 5*s + 11. Suppose 4*d + 3*c - 8*c + 6 = 0, c = d + 1. Let x be i(d). Calculate the greatest common divisor of 432 and x.
16
Let n(j) = 17*j - 18. Let c be n(4). Let l be 58/10 + (-2)/c*-5. Suppose a - 144 = -2*a. Calculate the greatest common divisor of l and a.
6
Let q = -76 + 396. Suppose -80 + q = 12*l. What is the greatest common divisor of l and 20?
20
Suppose 6*v - 64 = 44. Let j be 30*223/4 + (-9)/v. Calculate the greatest common factor of j and 88.
88
Let p(z) be the first derivative of 3*z**2/2 + 8*z - 3. Let h be p(7). Let q be (-614)/(-3) - (-2320)/(-1392). What is the highest common divisor of q and h?
29
Let d(w) = -528*w - 3057. Let t be d(-6). Calculate the highest common factor of t and 162.
3
Suppose 3*p = 4*t - 98, -4*p - 88 = -4*t + 36. Let r = p + 31. Suppose 3*z + 2*j = 7*j + 16, -z + r*j = 8. What is the highest common divisor of 108 and z?
12
Let k = -18544 - -18979. Calculate the highest common factor of k and 2001.
87
Suppose 0 = -2*q + 20 + 188. Let c = -18522 + 18530. Calculate the highest common divisor of q and c.
8
Let t = 451 - 303. Let l = -427 - -612. Calculate the highest common divisor of l and t.
37
Let a(x) = 26*x - 69. Suppose -4*c + 2*j = -6*c - 4, 12 = -c - 3*j. Let h be a(c). Calculate the greatest com